5).
18
Let h(g) = -62*g + 201. Determine h(-1).
263
Let s(b) = 43*b - 21. Calculate s(3).
108
Let b(l) = 567*l - 10754. What is b(19)?
19
Let s(q) = -11*q**2 + 22*q - 83. Give s(4).
-171
Let w(q) = -q**3 - 9*q**2 + 13*q - 95. What is w(-11)?
4
Let v(l) = -l**3 - 9*l**2 + 17*l + 226. Give v(-8).
26
Let n(j) = -j**2 + 30*j + 658. Determine n(-15).
-17
Let w(b) = -b**2 - 35*b - 329. What is w(-21)?
-35
Let i(b) = 439*b - 881. Give i(2).
-3
Let s(r) = r**2 + 88*r + 86. Determine s(-87).
-1
Let q(j) = 2*j**3 - 6*j**2 - j + 7. What is q(4)?
35
Let c(f) = -54*f + 242. Calculate c(3).
80
Let r(d) = -63*d**2 - 3*d. Give r(1).
-66
Let o(d) = 2*d**2 + 180*d - 1462. Determine o(8).
106
Let y(m) = 1185*m - 4747. What is y(4)?
-7
Let c(i) = i**2 - 47*i - 2. Calculate c(45).
-92
Let g(p) = p**3 - 16*p**2 - 20*p + 534. Determine g(7).
-47
Let w(g) = 23*g**2 + 92*g - 2689. Give w(9).
2
Let l(p) = -p**3 - 14*p**2 + 2*p - 203. Determine l(-15).
-8
Let w(j) = j - 76. What is w(-35)?
-111
Let j(h) = -h**3 + 27*h**2 + h + 849. Calculate j(28).
93
Let i(m) = -66*m - 1579. Give i(-23).
-61
Let v(m) = -28*m**2 - 19*m + 26. Calculate v(1).
-21
Let b(i) = i**3 - 56*i**2 - 16*i + 924. What is b(56)?
28
Let w(l) = l**3 - 21*l**2 + 106*l - 27. Give w(13).
-1
Let p(s) = -130*s + 1040. Determine p(8).
0
Let t(s) = s**3 + 26*s**2 + 66*s - 754. Calculate t(-9).
29
Let a(u) = 11*u**2 + 233*u + 43. Determine a(-21).
1
Let u(n) = 2*n**3 + 15*n**2 + 35*n + 29. What is u(-4)?
1
Let x(w) = -4*w**3 - 8*w**2 - 11*w + 3. Give x(-3).
72
Let o(u) = 1003*u + 308. Determine o(-1).
-695
Let x(t) = -t**3 - 39*t**2 - 34*t + 111. Calculate x(-38).
-41
Let l(n) = 394*n**2 - n. Give l(1).
393
Let b(r) = 348*r**2 - 6264*r - 5. Give b(18).
-5
Let s(i) = -792*i + 5546. Calculate s(7).
2
Let k(u) = -u**3 - 14*u**2 - 36*u - 53. What is k(-12)?
91
Let b(v) = v**2 - 74*v + 297. Give b(4).
17
Let y(l) = -l**3 - 13*l + 22. What is y(2)?
-12
Let l(n) = 111*n + 2542. Give l(-23).
-11
Let v(m) = m**3 + 5*m**2 + 248*m + 980. What is v(-4)?
4
Let u(p) = -56*p - 313. What is u(-11)?
303
Let h(i) = -i**2 - 8*i + 1043. Determine h(-36).
35
Let w(j) = -2*j**3 - 30*j**2 - 92*j - 232. Calculate w(-12).
8
Let g(k) = 2*k**2 + 21*k - 14. What is g(6)?
184
Let j(t) = -3*t**3 + 35*t**2 + 55*t - 9. What is j(13)?
30
Let u(x) = -x**3 + x**2 + x - 39. What is u(4)?
-83
Let u(w) = -w**3 - 56*w**2 - 64*w - 479. What is u(-55)?
16
Let d(z) = 23*z + 247. Calculate d(-14).
-75
Let f(i) = -632*i - 257216. What is f(-407)?
8
Let h(v) = -2*v**2 - 69*v - 515. Determine h(-25).
-40
Let k(s) = -162*s - 1638. Calculate k(-10).
-18
Let v(x) = 15*x**2 - 120*x - 17. What is v(8)?
-17
Let i(u) = u**3 + 49*u**2 - 55*u - 167. Calculate i(-50).
83
Let z(v) = -41*v - 118. Determine z(-3).
5
Let l(k) = -12*k - 45. Determine l(-5).
15
Let r(y) = -2*y**3 + 15*y**2 - 72*y + 634. Calculate r(8).
-6
Let n(d) = 20*d**2 - 219*d + 68. Determine n(11).
79
Let s(z) = -z**3 + 13*z**2 + 141*z. Determine s(-7).
-7
Let i(c) = -129*c - 2714. Calculate i(-21).
-5
Let m(h) = -123*h + 100. What is m(2)?
-146
Let b(p) = -p**3 - 9*p**2 - 15*p - 35. What is b(-6)?
-53
Let n(g) = -4*g + 294. Give n(36).
150
Let x(g) = 536*g + 2145. Give x(-4).
1
Let j(d) = 49*d - 1173. Determine j(47).
1130
Let u(c) = 21*c - 149. Determine u(8).
19
Let y(u) = 131*u**2 - 3537*u - 40. What is y(27)?
-40
Let s(k) = -53*k**2 + 117*k + 350. Calculate s(-3).
-478
Let o(i) = 5*i**2 + 333*i - 7610. Calculate o(18).
4
Let i(f) = -727*f + 4379. Calculate i(6).
17
Let u(s) = 16*s**2 - 95*s - 204. Determine u(-2).
50
Let j(s) = 17*s - 122. Calculate j(5).
-37
Let z(h) = h**3 + 90*h**2 - 294*h - 1385. Determine z(-93).
10
Let a(w) = -125*w**2 + 202*w - 3. What is a(2)?
-99
Let z(s) = 118*s**2 - 31*s + 15. Calculate z(0).
15
Let n(b) = 9*b**2 + 479*b - 378. Give n(-54).
0
Let w(n) = -2*n**3 - 12*n**2 + 8*n + 34. What is w(-7)?
76
Let x(s) = s**3 + 78*s**2 + 154*s + 23. Determine x(-76).
-129
Let o(f) = f**2 + 130*f - 941. Calculate o(7).
18
Let b(m) = 2*m**2 - 26*m + 23. Calculate b(11).
-21
Let z(v) = 97*v + 5145. Give z(-53).
4
Let u(j) = -9*j**2 + 1933*j - 1499. Determine u(214).
-1
Let k(b) = -10*b - 101. Determine k(-12).
19
Let p(s) = s**3 - 17*s**2 - 16*s - 40. Determine p(18).
-4
Let b(k) = 2*k**2 - 37*k + 45. Give b(15).
-60
Let j(d) = -141*d - 718. Give j(-5).
-13
Let o(q) = q**2 + 69*q - 1690. Give o(19).
-18
Let k(q) = 189*q + 9242. Calculate k(-49).
-19
Let c(j) = 2*j**2 - 197*j - 249. Give c(100).
51
Let s(c) = -5*c**2 - 33*c - 70. Calculate s(-3).
-16
Let t(v) = -v**3 + 2*v**2 - 3*v + 47. What is t(5)?
-43
Let z(p) = 14*p**2 - 18*p + 11. Calculate z(1).
7
Let d(z) = -z**3 + 2*z**2 + 6*z - 6. Determine d(4).
-14
Let o(q) = -q**2 - 30*q - 85. What is o(-3)?
-4
Let o(l) = -l**2 - 14*l + 4324. What is o(-73)?
17
Let f(b) = -2*b**3 + 11*b**2 + 24*b - 14. Give f(7).
7
Let q(y) = y**3 + 15*y**2 + 77*y + 91. Give q(-7).
-56
Let n(d) = 6*d**3 + 41*d**2 + 10*d - 18. Calculate n(-7).
-137
Let b(z) = 3*z**3 - 22*z**2 + 19*z + 27. Give b(6).
-3
Let x(j) = -45*j + 605. Calculate x(13).
20
Let j(d) = -418*d - 3350. Determine j(-8).
-6
Let i(r) = -r**3 - 41*r**2 - 419*r - 14. Give i(-19).
5
Let k(s) = -s**3 - s**2 - 45*s - 201. Give k(-5).
124
Let j(i) = -i**3 - 70*i**2 + 806*i + 495. Calculate j(-80).
15
Let m(a) = -12*a**2 - 49*a - 6. Calculate m(-5).
-61
Let v(g) = g**3 + 16*g**2 - 69*g + 18. What is v(-20)?
-202
Let r(c) = 10*c**3 + 13*c**2 - 9*c - 29. Give r(-4).
-425
Let v(r) = -2*r**3 - 14*r**2 - 16*r - 61. Give v(-6).
-37
Let j(f) = -4*f**2 - 63*f - 11. What is j(-22)?
-561
Let h(d) = 2*d**3 - 22*d**2 + 36*d + 108. Determine h(9).
108
Let s(q) = 1327*q - 5375. Calculate s(4).
-67
Let n(d) = -2*d**3 + 11*d**2 - 16*d + 128. What is n(6)?
-4
Let l(m) = -m**2 - 364*m - 6197. Calculate l(-18).
31
Let d(k) = -k**3 - 4*k**2 + 77*k + 18. Give d(-10).
-152
Let o(t) = -t**3 - 42*t**2 - 276*t + 101. What is o(-33)?
-592
Let n(k) = k**3 + 13*k**2 - 27*k - 173. What is n(-8)?
363
Let v(m) = 81*m - 16870. Calculate v(208).
-22
Let h(d) = 203*d - 4061. Calculate h(20).
-1
Let p(n) = -195*n - 36654. Calculate p(-188).
6
Let s(x) = x**3 - 27*x**2 + 114*x + 68. What is s(6)?
-4
Let p(w) = 58*w - 674. Calculate p(12).
22
Let y(j) = 1210*j - 7268. Give y(6).
-8
Let p(i) = 170*i - 19028. Give p(112).
12
Let m(z) = 2*z**2 + 118*z + 34. Calculate m(-58).
-82
Let m(k) = 131*k - 5115. What is m(39)?
-6
Let y(d) = 558*d + 7251. Give y(-13).
-3
Let t(v) = -4*v**2 + 32*v - 34. Calculate t(1).
-6
Let q(p) = 132*p - 1154. Determine q(9).
34
Let d(y) = y**3 - 27*y**2 - 38*y + 260. Give d(28).
-20
Let u(p) = -857*p - 8564. Determine u(-10).
6
Let h(x) = -88*x + 5921. Give h(66).
113
Let f(y) = y**2 + 147*y + 4479. Determine f(-43).
7
Let d(u) = 2*u**3 + 17*u**2 + 43*u + 9. What is d(-3)?
-21
Let r(p) = -237*p**3. Determine r(1).
-237
Let c(v) = -2*v**3 - 31*v**2 + 93*v + 38. What is c(-18)?
-16
Let v(r) = -r**2 + 34*r - 179. Give v(37).
-290
Let u(t) = 13*t**3 - 31*t**2 + 55*t + 8. Calculate u(2).
98
Let c(k) = -6*k**2 + 5*k + 9. What is c(-2)?
-25
Let h(z) = 2*z**2 - 37*z - 415. Give h(-8).
9
Let u(t) = 3*t**2 + 49*t - 44. Give u(-18).
46
Let j(k) = 34*k**2 + 104*k + 23. Calculate j(-3).
17
Let r(g) = 2216*g + 2248. Determine r(-1).
32
Let o(z) = -z + 115. Determine o(38).
77
Let m(q) = -64*q + 154. What is m(1)?
90
Let k(t) = -3*t**3 + 6*t**2 - 8*t - 6. What is k(2)?
-22
Let a(w) = 13*w - 76. Give a(-19).
-323
Let z(x) = 325*x - 1636. Determine z(5).
-11
Let v(d) = -2*d + 96. Determine v(-23).
142
Let y(s) = 995*s + 989. Give y(-1).
-6
Let g(u) = u**2 - 57*u + 367. Give g(7).
17
Let b(t) = -t**2 - 12*t + 28. Calculate b(0).
28
Let a(d) = -44*d + 38. Determine a(-6).
302
Let k(f) = 3*f - 108. Calculate k(26).
-30
Let o(f) = 2*f**2 + 100*f + 163. What is o(-48)?
-29
Let b(r) = 15*r + 318. Calculate b(-22).
-12
Let n(y) = -12*y**2 + 319*y - 638. Calculate n(2).
-48
Let q(o) = -7*o**2 - 44*o + 412. Calculate q(9).
-551
Let i(f) = -16*f + 166. What is i(9)?
22
Let b(f) = -3*f**2 - 14*f - 15. What is b(-2)?
1
Let t(m) = 72*m + 1045. What is t(-20)?
-395
Let p(w) = -w**2 + 515*w - 14083. Give p(29).
11
Let q(s) = s**3 + 51*s**2 - 6*s - 298. What is q(-51)?
8
Let t(y) = 27*y - 187. Calculate t(5).
-52
Let u(b) = b**2 + 7